be 3/(-12) + (-37)/(-4). List the prime factors of s(o).
5
Let s be (27/(-12))/(3/(-8)). Let l(j) be the second derivative of j**3/6 - 2*j**2 - 8*j. What are the prime factors of l(s)?
2
Let t(y) = 3*y**2 + y. What are the prime factors of t(-2)?
2, 5
Let d(s) = 3*s + 3. List the prime factors of d(6).
3, 7
Let s = 8 - -9. Suppose -s = -2*t + 31. Suppose -w - t = -5*w. What are the prime factors of w?
2, 3
Suppose -3*k + 16 = -k. Let g = k - -8. List the prime factors of g/5 + (-10)/50.
3
Let u be (-6)/(-6*(-4)/224). List the prime factors of u/(-6) - 6/(-9).
2, 5
Let b = -19 - -2. Let i = -7 - b. What are the prime factors of i?
2, 5
Let l = 358 + -167. What are the prime factors of l?
191
Let f = 8 + -1. Let s(q) = q - 8. Let u be s(f). What are the prime factors of -3*(u + -3) + -2?
2, 5
Let u(l) = l**2 + 4*l + 2. What are the prime factors of u(-8)?
2, 17
Let s(m) = -14*m - 2. Let o be s(-3). Suppose -u - o = -4*r - 0*r, -3*r = -2*u - 25. What are the prime factors of r?
11
Let d = -5 + 5. Suppose -5*k + 50 = -d*k. What are the prime factors of k?
2, 5
Let h be -16 + 1 + 1 - -2. Let x = h + 18. Suppose 2*y - 3*y + x = 0. List the prime factors of y.
2, 3
Suppose -297 = -3*d - 9. Suppose d = 5*k - k. Let n = k + -16. List the prime factors of n.
2
Suppose 16 = -2*m + 6*m. Suppose 0 = 4*b + 16, 3*f - m*b - 22 = f. List the prime factors of f.
3
Suppose -504 = b - 4*b + 4*g, -4*g = 3*b - 528. What are the prime factors of b?
2, 43
Let n(o) = o + 5. Suppose -4*g - 12 = -2*g. Let d = 1 - g. List the prime factors of n(d).
2, 3
Let c be (-4)/22 + (-112)/(-11). Suppose 4*f + 3*u = -c + 4, 3*f - 6 = 3*u. Suppose -n + f*n + 11 = -2*k, 3*k = -5*n + 3. List the prime factors of n.
3
Let u = 11 + -6. Suppose u*c + z - 162 = 0, z + 0 = 2. List the prime factors of c.
2
Let b = -4 - -27. List the prime factors of b.
23
List the prime factors of 22/10*(-30)/(-6).
11
Let c(z) = -11*z**2 - z - 3*z**3 - 10*z + 4*z**3 + 16. What are the prime factors of c(12)?
2, 7
Let w(s) = s**3 + 7*s**2 + 6*s + 2. List the prime factors of w(-4).
2, 13
Suppose 3*j = 5*y - 27, -4*j = 2*y - 0*j + 10. What are the prime factors of ((-8)/y)/((-2)/3)?
2
Suppose -3*o - 4*f - 8 = 0, -3*o = 6*f - 3*f + 3. List the prime factors of o.
2
Suppose -2*w + s + 13 = 0, -s = -4*w - 2 + 29. Let x(r) = r**3 - 5*r**2 - 11*r + 6. What are the prime factors of x(w)?
3
Suppose 0 = -4*o - 5*a + 664, 6 - 155 = -o + 3*a. What are the prime factors of o?
7, 23
Suppose 2*v - v - 4 = 0. Suppose -3*t + 83 = 5*l, 0 = -2*t + 3*t + v*l - 23. List the prime factors of t.
31
Let n(r) be the third derivative of 3*r**5/20 + r**4/24 + r**2. List the prime factors of n(1).
2, 5
Let h(d) = -d**2 + 7*d + 2. Let l be h(7). Suppose -2*q = z - 4, -l*q = -4*q + 4*z + 4. Let j = q + 2. What are the prime factors of j?
2
Suppose -2 = -5*g + 18. Suppose 2*h = 20 + g. What are the prime factors of h?
2, 3
Let x(f) = f**2 - 9*f + 2. Let q be 12 + (-1 - 2)*1. Let t be x(q). Suppose -2*i + 2*u = 2*i - 18, -2*i - t*u = -18. What are the prime factors of i?
2, 3
Let p = 8 + -4. Suppose 3*c + 2*d = -2, 0 = p*c - 3*d - 20. Suppose 22 = c*f + 6. List the prime factors of f.
2
Let m(p) = p**2 - 2*p - 9. List the prime factors of m(-3).
2, 3
List the prime factors of 4/22 + (-124)/(-44).
3
Let s(w) be the second derivative of -w**5/40 - 3*w**4/8 + w**3/6 + 3*w. Let y(h) be the second derivative of s(h). What are the prime factors of y(-7)?
2, 3
Let s(f) = f**2 - 9*f + 4. Let j be s(9). Suppose 0 = q - j*v + 3*v + 7, 0 = q - 5*v - 13. What are the prime factors of 8*((-15)/q)/1?
2, 5
Let m = -228 + 330. What are the prime factors of m?
2, 3, 17
Suppose -9*x + 690 = x. What are the prime factors of x?
3, 23
Suppose 4*z + 4*l + 48 = 0, z + 2*l + 8 = 5*l. Let t = 28 + z. List the prime factors of t.
17
Suppose -3*y - 3*a + 30 = 0, -3*y - 5*a + 21 = -19. Suppose -y - 95 = -4*w. List the prime factors of w.
5
Suppose 6 - 2 = 4*c. Suppose -2*w - 1 - c = 0. List the prime factors of 12 - (w + 0)/(-1).
11
Suppose 2*j = -j + 78. What are the prime factors of (-812)/(-34) - j/(-221)?
2, 3
Suppose -3*m + 10 = -131. What are the prime factors of m?
47
Suppose -j = 5*x - 12, 4*j + 5*x = 5 + 13. Suppose 0 = -4*h - r - 13, 3*h + 5*r + 35 = -j*h. Let m = h - -6. List the prime factors of m.
2
Suppose 4 + 6 = v. Let t = 3 + v. List the prime factors of t.
13
Let v = -87 + 54. Let j = -8 - v. List the prime factors of j.
5
Let z = 19 + 0. Let l = z - 12. List the prime factors of l.
7
Let d(n) = -2*n**3 - 2*n**2 + 3*n + 1. Let l be d(-3). Suppose -9 = -2*s + 1. Suppose -s*f = 3 - l. What are the prime factors of f?
5
Let s = -2 + 4. Let n = 20 - s. Suppose -2*z + 42 = -4*l + 10, -z + 3*l + n = 0. What are the prime factors of z?
2, 3
Let t(p) = 4 + 0 - p - 1. Let y be t(-7). Let s = y + 1. List the prime factors of s.
11
Let f(n) = -41*n + 3. List the prime factors of f(-2).
5, 17
Suppose 4*u = 2*u + 62. What are the prime factors of u?
31
Let q = -20 - -48. Let k = q - 20. What are the prime factors of k?
2
List the prime factors of -27 + 29 + 11*3.
5, 7
Let q(d) = d**2 - d - 12. List the prime factors of q(5).
2
Suppose 0 = -n + 2*n - 4. Let d(u) = u**2 - 3*u - 9. Let o be d(-4). Suppose 4*w + 3*g - 11 = 0, n*g = 2*w + g - o. List the prime factors of w.
5
Let t = -202 + 304. List the prime factors of t.
2, 3, 17
What are the prime factors of (18/(-27))/((-4)/1866)?
311
Suppose 0 = -f - 0*f + 9. Suppose -j = -1 - f. List the prime factors of j.
2, 5
Suppose 0 = -2*a + 6*a. Suppose a = -v + 12 + 21. What are the prime factors of v?
3, 11
Let r be (-169)/(-2) + (-1)/(-2). Suppose 4*w = 9*w - r. List the prime factors of w.
17
Let o be 11/(15/6 + -2). Let y(z) = z**3 - 3*z**2 - 4*z - 2. Let m be y(4). What are the prime factors of (-1)/(o/(-10) - m)?
5
Let j(h) be the third derivative of -h**8/20160 + h**7/1008 - h**5/20 + 2*h**2. Let q(m) be the third derivative of j(m). What are the prime factors of q(4)?
2
Let u be ((-2)/3)/((-1)/9). Let k = 17 - u. What are the prime factors of k?
11
Let q be -15*8*4/(-12). Suppose 4*b = -4*s + 80, 0 = 4*b - b - s - q. List the prime factors of b.
3, 5
Suppose 4 = -a + 41. Let k = a - 21. What are the prime factors of k?
2
What are the prime factors of -2*(-1)/((-8)/(-12))?
3
Let y = 15 + 30. List the prime factors of y.
3, 5
Let d = 87 - 62. Suppose w - 145 = -4*c, -3*w = -3*c + d + 80. List the prime factors of c.
2, 3
Let z(q) = -4*q. Suppose -m - 2 - 5 = 0. List the prime factors of z(m).
2, 7
Suppose 0*v - v + 3 = 0. Suppose 0 = q - 6*q - 2*h + 100, v*h - 60 = -3*q. What are the prime factors of q?
2, 5
Suppose -2*s = -4*s + 72. List the prime factors of s.
2, 3
Suppose 3*g = -6, -4*h + g + 11 - 1 = 0. Suppose -3*v = -h*v. Suppose 4*p = -2*z + 40, 2*p + v*p = -4*z + 56. List the prime factors of z.
2, 3
Suppose -18 = 2*r - 5*r. Let p be (r/4)/(6/12). Suppose p*n - 11 = 4. What are the prime factors of n?
5
Let s(i) = 7*i**2 + 2*i + 87. Let j(f) = 11*f**2 + 3*f + 131. Let h(b) = -5*j(b) + 8*s(b). What are the prime factors of h(0)?
41
Let y(k) be the third derivative of k**4/24 + k**3/3 - k**2. Let b = -5 + 10. List the prime factors of y(b).
7
Let v(r) = -r + 7. Let k be v(5). Suppose -k*o - o + 57 = 0. What are the prime factors of o?
19
Suppose -c = -0*d + 4*d - 395, -d = -5*c - 83. What are the prime factors of d?
2, 7
Suppose 6 = -f + a, -4*f - 2*a = -7 + 31. Let w = 8 + f. List the prime factors of w.
2
Let y(l) be the first derivative of l**3/3 + 5*l**2/2 - 8*l + 3. Let h be y(-8). Suppose w - h = -2*v + 4, -w + 5*v - 15 = 0. What are the prime factors of w?
2, 5
Let p = -5 + 9. Let i = 8 - p. Suppose j - 3*j + 68 = i*w, -5*j - 1 = w. What are the prime factors of w?
19
Suppose -5*v + 7 = 2. Let b(i) = 2*i**2 + 1. What are the prime factors of b(v)?
3
Let b be (24/(-28))/((-9)/42). Suppose 6 = y + 4, -b*w - 4*y = -56. List the prime factors of w.
2, 3
Let y = 4 - 4. Suppose 4*i = -y*i. Suppose 0 = 3*n - n + l - 3, i = -4*n - 4*l. List the prime factors of n.
3
Let s be (10/4)/(3/6). Suppose -b = -o + 52, 1 + 4 = -s*b. List the prime factors of o.
3, 17
Let i = -7 - -17. Let r be 20*1 - (-2)/(-1). List the prime factors of i/(-45) + 94/r.
5
List the prime factors of (115 - 1) + (-3)/(1/1).
3, 37
